{"id":680,"date":"2019-06-27T12:11:14","date_gmt":"2019-06-27T10:11:14","guid":{"rendered":"https:\/\/www.corsoscambiatori.energia.polimi.it\/?page_id=680"},"modified":"2026-04-08T10:20:41","modified_gmt":"2026-04-08T08:20:41","slug":"programma-2","status":"publish","type":"page","link":"https:\/\/www.corsoscambiatori.energia.polimi.it\/?page_id=680","title":{"rendered":"Programma &amp; Training Format"},"content":{"rendered":"\n<p style=\"font-size:20px\"><strong>Date e modalit\u00e0 di erogazione<\/strong><\/p>\n\n\n\n<p>Il corso si svolger\u00e0 in quattro giornate (13, 14, 27 e 28 ottobre 2026) per un totale di 24 ore di formazione in modalit\u00e0 ibrida (in presenza&nbsp; presso il Dipartimento di Energia del Politecnico di Milano e online). Per la giornata laboratoriale la presenza \u00e8 obbligatoria.<\/p>\n\n\n\n<div style=\"height:28px\" aria-hidden=\"true\" class=\"wp-block-spacer\"><\/div>\n\n\n\n<p style=\"font-size:20px\"><strong>Destinatari<\/strong><\/p>\n\n\n\n<p>Il corso \u00e8 rivolto a ingegneri, tecnici e progettisti che operano nella progettazione e nell\u2019ottimizzazione di sistemi termo-fluidodinamici. Fornisce metodi di analisi, criteri di progetto e strumenti di simulazione per il dimensionamento e la valutazione delle prestazioni degli scambiatori di calore.<\/p>\n\n\n\n<div style=\"height:29px\" aria-hidden=\"true\" class=\"wp-block-spacer\"><\/div>\n\n\n\n<p style=\"font-size:20px\"><strong>Obiettivi<\/strong><\/p>\n\n\n\n<p>Fornire ai partecipanti le competenze per:<\/p>\n\n\n\n<p>\u2022  analizzare e dimensionare scambiatori di calore mediante i principali metodi di progetto<\/p>\n\n\n\n<p>\u2022  utilizzare strumenti di modellazione numerica e simulazione CFD a supporto della progettazione<\/p>\n\n\n\n<div style=\"height:30px\" aria-hidden=\"true\" class=\"wp-block-spacer\"><\/div>\n\n\n\n<p style=\"font-size:20px\"><strong>Programma<\/strong><\/p>\n\n\n\n<p><strong>Giorno 1 \u2013 13 ottobre 2026<\/strong> | <strong>Fondamenti teorici<\/strong><\/p>\n\n\n\n<p>Introduzione agli scambiatori di calore e loro classificazione.&nbsp; Metodi di calcolo LMTD ed \u03b5\u2013NTU. Coefficienti di scambio termico e resistenze termiche. Impostazione dei bilanci energetici.<\/p>\n\n\n\n<p><strong>Giorno 2 \u2013 14 ottobre 2026<\/strong> | <strong>Modellazione numerica<\/strong><\/p>\n\n\n\n<p>Modelli a parametri concentrati e monodimensionali.<\/p>\n\n\n\n<p>Implementazione in ambienti Simulink e Python\/Matlab. Applicazione a casi studio. Discussione critica dei risultati e limiti dei modelli semplificati.<\/p>\n\n\n\n<p><strong>Giorno 3 \u2013 27 ottobre 2026<\/strong> | <strong>Laboratorio sperimentale<\/strong><\/p>\n\n\n\n<p>Attivit\u00e0 sperimentali presso i laboratori del Dipartimento di Energia, con analisi di scambiatori strumentati e determinazione sperimentale delle principali grandezze termo-fluidodinamiche (perdite di carico, prestazioni termiche). Introduzione alle modalit\u00e0 di acquisizione e monitoraggio dei dati.<\/p>\n\n\n\n<p><strong>Giorno 4 \u2013 28 ottobre 2026<\/strong> | <strong>Simulazione CFD<\/strong><\/p>\n\n\n\n<p>Introduzione alla termofluidodinamica computazionale (CFD) applicata agli scambiatori di calore. Impostazione e analisi di un caso studio semplificato, con confronto tra risultati numerici e previsioni teoriche. Valutazione delle potenzialit\u00e0 e dei limiti dell\u2019approccio CFD nel supporto alla progettazione.<\/p>\n\n\n\n<div style=\"height:30px\" aria-hidden=\"true\" class=\"wp-block-spacer\"><\/div>\n\n\n\n<p style=\"font-size:20px\"><strong>Strumenti didattici<\/strong><\/p>\n\n\n\n<p>Durante il corso verranno utilizzati:<\/p>\n\n\n\n<p>\u2022  software di simulazione numerica (Simulink, Python);<\/p>\n\n\n\n<p>\u2022  strumenti CFD per la modellazione termo-fluidodinamica;<\/p>\n\n\n\n<p>\u2022  banchi sperimentali del Dipartimento di Energia del Politecnico di Milano.<\/p>\n\n\n\n<div style=\"height:30px\" aria-hidden=\"true\" class=\"wp-block-spacer\"><\/div>\n\n\n\n<p style=\"font-size:20px\"><strong>Attestati di frequenza<\/strong><\/p>\n\n\n\n<p>I partecipanti al corso, al termine della sessione e con una partecipazione pari al 75%, riceveranno un attestato di frequenza.<\/p>\n","protected":false},"excerpt":{"rendered":"<p>Date e modalit\u00e0 di erogazione Il corso si svolger\u00e0 in quattro giornate (13, 14, 27 e 28 ottobre 2026) per un totale di 24 ore di formazione in modalit\u00e0 ibrida (in presenza&nbsp; presso il Dipartimento di Energia del Politecnico di Milano e online). Per la giornata laboratoriale la presenza \u00e8 &hellip;<\/p>\n","protected":false},"author":2,"featured_media":0,"parent":0,"menu_order":0,"comment_status":"closed","ping_status":"closed","template":"","meta":{"footnotes":""},"class_list":["post-680","page","type-page","status-publish","hentry"],"_links":{"self":[{"href":"https:\/\/www.corsoscambiatori.energia.polimi.it\/index.php?rest_route=\/wp\/v2\/pages\/680","targetHints":{"allow":["GET"]}}],"collection":[{"href":"https:\/\/www.corsoscambiatori.energia.polimi.it\/index.php?rest_route=\/wp\/v2\/pages"}],"about":[{"href":"https:\/\/www.corsoscambiatori.energia.polimi.it\/index.php?rest_route=\/wp\/v2\/types\/page"}],"author":[{"embeddable":true,"href":"https:\/\/www.corsoscambiatori.energia.polimi.it\/index.php?rest_route=\/wp\/v2\/users\/2"}],"replies":[{"embeddable":true,"href":"https:\/\/www.corsoscambiatori.energia.polimi.it\/index.php?rest_route=%2Fwp%2Fv2%2Fcomments&post=680"}],"version-history":[{"count":25,"href":"https:\/\/www.corsoscambiatori.energia.polimi.it\/index.php?rest_route=\/wp\/v2\/pages\/680\/revisions"}],"predecessor-version":[{"id":1056,"href":"https:\/\/www.corsoscambiatori.energia.polimi.it\/index.php?rest_route=\/wp\/v2\/pages\/680\/revisions\/1056"}],"wp:attachment":[{"href":"https:\/\/www.corsoscambiatori.energia.polimi.it\/index.php?rest_route=%2Fwp%2Fv2%2Fmedia&parent=680"}],"curies":[{"name":"wp","href":"https:\/\/api.w.org\/{rel}","templated":true}]}}